{"id":945,"date":"2016-11-29T22:48:51","date_gmt":"2016-11-29T22:48:51","guid":{"rendered":"http:\/\/eritreischer-medienbund.ch\/?page_id=945"},"modified":"2024-04-22T09:32:03","modified_gmt":"2024-04-22T09:32:03","slug":"yemane-yohannes","status":"publish","type":"page","link":"https:\/\/eritreischer-medienbund.ch\/wordpress\/blackbox-eritrea\/open-the-blackbox-meet-the-experts\/yemane-yohannes\/","title":{"rendered":"Yemane Yohannes"},"content":{"rendered":"<div class=\"row\">\n<div class=\"col-md-4\">\n<div id=\"attachment_581\" class=\"wp-caption alignleft\" style=\"width: 300px\"><img loading=\"lazy\" decoding=\"async\" class=\"size-medium wp-image-581\" src=\"https:\/\/eritreischer-medienbund.ch\/wordpress\/wp-content\/uploads\/2016\/10\/20161016-132133-blackbox-300x300.jpg\" alt=\"Yemane Yohannes (*1987) Eritreisches Bildungssystem und dessen Problematik\/Erfahrung im Milit\u00e4rgef\u00e4ngnis und Flucht.\" width=\"300\" height=\"300\" srcset=\"https:\/\/eritreischer-medienbund.ch\/wordpress\/wp-content\/uploads\/2016\/10\/20161016-132133-blackbox-300x300.jpg 300w, https:\/\/eritreischer-medienbund.ch\/wordpress\/wp-content\/uploads\/2016\/10\/20161016-132133-blackbox-150x150.jpg 150w, https:\/\/eritreischer-medienbund.ch\/wordpress\/wp-content\/uploads\/2016\/10\/20161016-132133-blackbox-768x768.jpg 768w, https:\/\/eritreischer-medienbund.ch\/wordpress\/wp-content\/uploads\/2016\/10\/20161016-132133-blackbox-1024x1024.jpg 1024w, https:\/\/eritreischer-medienbund.ch\/wordpress\/wp-content\/uploads\/2016\/10\/20161016-132133-blackbox.jpg 1536w\" sizes=\"auto, (max-width: 300px) 100vw, 300px\" \/><p class=\"wp-caption-text\">Yemane Yohannes \u2013 Eritreisches Bildungssystem und dessen Problematik\/Erfahrung im Milit\u00e4rgef\u00e4ngnis und Flucht.<\/p><\/div>\n<\/div>\n<div class=\"col-md-8\">An einer Hochschule sollen intelligente Fragen gestellt werden. Dass solche \u2013 an die falsche Person gerichtet \u2013 auch schlimme Folgen haben k\u00f6nnen, musste Yemane Yohannes selbst erfahren. Als er sich an einer Infoveranstaltung zu Studienf\u00e4chern nach gestrichenen Lehrg\u00e4ngen \u2013 darunter Politikwissenschaften und Jura \u2013 erkundigt, wird er dem Regime ein Dorn im Auge. Nach mehrmonatigem Aufenthalt im Gef\u00e4ngnis und im Wehrdienst flieht Yohannes und findet nach einer zweij\u00e4hrigen Flucht in der Schweiz einen Ort zum Leben. Die Erfahrungen mit dem eritreischen Staat ist Yemane zu teilen bereit. Lieber denkt er aber weiter: Wie wirkt sich das Bildungssystem in Eritrea auf den Widerstand zuk\u00fcnftiger Generationen aus? Und wie kann die Unterdr\u00fcckung der Jugend mittels des Bildungssystems \u2013 und schliesslich die Diktatur \u2013 beendet werden?<\/div>\n<\/div>\n","protected":false},"excerpt":{"rendered":"<p>An einer Hochschule sollen intelligente Fragen gestellt werden. Dass solche \u2013 an die falsche Person gerichtet \u2013 auch schlimme Folgen haben k\u00f6nnen, musste Yemane Yohannes selbst erfahren. Als er sich an einer Infoveranstaltung zu Studienf\u00e4chern nach gestrichenen Lehrg\u00e4ngen \u2013 darunter Politikwissenschaften und Jura \u2013 erkundigt, wird er dem Regime ein Dorn im Auge. Nach mehrmonatigem [&hellip;]<\/p>\n","protected":false},"author":11,"featured_media":0,"parent":601,"menu_order":0,"comment_status":"closed","ping_status":"closed","template":"","meta":{"footnotes":""},"class_list":["post-945","page","type-page","status-publish","hentry"],"jetpack_sharing_enabled":true,"_links":{"self":[{"href":"https:\/\/eritreischer-medienbund.ch\/wordpress\/wp-json\/wp\/v2\/pages\/945","targetHints":{"allow":["GET"]}}],"collection":[{"href":"https:\/\/eritreischer-medienbund.ch\/wordpress\/wp-json\/wp\/v2\/pages"}],"about":[{"href":"https:\/\/eritreischer-medienbund.ch\/wordpress\/wp-json\/wp\/v2\/types\/page"}],"author":[{"embeddable":true,"href":"https:\/\/eritreischer-medienbund.ch\/wordpress\/wp-json\/wp\/v2\/users\/11"}],"replies":[{"embeddable":true,"href":"https:\/\/eritreischer-medienbund.ch\/wordpress\/wp-json\/wp\/v2\/comments?post=945"}],"version-history":[{"count":2,"href":"https:\/\/eritreischer-medienbund.ch\/wordpress\/wp-json\/wp\/v2\/pages\/945\/revisions"}],"predecessor-version":[{"id":3415,"href":"https:\/\/eritreischer-medienbund.ch\/wordpress\/wp-json\/wp\/v2\/pages\/945\/revisions\/3415"}],"up":[{"embeddable":true,"href":"https:\/\/eritreischer-medienbund.ch\/wordpress\/wp-json\/wp\/v2\/pages\/601"}],"wp:attachment":[{"href":"https:\/\/eritreischer-medienbund.ch\/wordpress\/wp-json\/wp\/v2\/media?parent=945"}],"curies":[{"name":"wp","href":"https:\/\/api.w.org\/{rel}","templated":true}]}}