{"id":939,"date":"2016-11-29T22:45:24","date_gmt":"2016-11-29T22:45:24","guid":{"rendered":"http:\/\/eritreischer-medienbund.ch\/?page_id=939"},"modified":"2024-04-22T09:29:13","modified_gmt":"2024-04-22T09:29:13","slug":"abrar-osman","status":"publish","type":"page","link":"https:\/\/eritreischer-medienbund.ch\/wordpress\/blackbox-eritrea\/open-the-blackbox-meet-the-experts\/abrar-osman\/","title":{"rendered":"Abrar Osman"},"content":{"rendered":"<div class=\"row\">\n<div class=\"col-md-4\">\n<div id=\"attachment_585\" class=\"wp-caption alignleft\" style=\"width: 300px\"><img loading=\"lazy\" decoding=\"async\" class=\"size-medium wp-image-585\" src=\"https:\/\/eritreischer-medienbund.ch\/wordpress\/wp-content\/uploads\/2016\/10\/20161016-144342-blackbox-300x300.jpg\" alt=\"Abrar Osman (*1955) Musik und deren Bedeutung f\u00fcr Widerstand und Integration. \" width=\"300\" height=\"300\" srcset=\"https:\/\/eritreischer-medienbund.ch\/wordpress\/wp-content\/uploads\/2016\/10\/20161016-144342-blackbox-300x300.jpg 300w, https:\/\/eritreischer-medienbund.ch\/wordpress\/wp-content\/uploads\/2016\/10\/20161016-144342-blackbox-150x150.jpg 150w, https:\/\/eritreischer-medienbund.ch\/wordpress\/wp-content\/uploads\/2016\/10\/20161016-144342-blackbox-768x768.jpg 768w, https:\/\/eritreischer-medienbund.ch\/wordpress\/wp-content\/uploads\/2016\/10\/20161016-144342-blackbox-1024x1024.jpg 1024w, https:\/\/eritreischer-medienbund.ch\/wordpress\/wp-content\/uploads\/2016\/10\/20161016-144342-blackbox.jpg 1536w\" sizes=\"auto, (max-width: 300px) 100vw, 300px\" \/><p class=\"wp-caption-text\">Abrar Osman \u2013 Musik und deren Bedeutung f\u00fcr Widerstand und Integration.<\/p><\/div>\n<\/div>\n<div class=\"col-md-8\">Abrar Osman ist eine Musiklegende der eritreischen Diaspora \u2013 obwohl er das nie von sich selbst behaupten w\u00fcrde. F\u00fcr ihn z\u00e4hlen andere Dinge als Ber\u00fchmtheit: Seine eigene Unabh\u00e4ngigkeit und die Freiheit, das zu sagen, was er denkt, der \u00abKampf mit Worten gegen ein Regime, das mit Waffen k\u00e4mpft.\u00bb Mit seinen Auftritten auf der ganzen Welt ermutigt der ehemalige Guerillak\u00e4mpfer Menschen, indem er \u00fcber Gerechtigkeit und Politik, aber auch \u00fcber Liebe und das Lebensgef\u00fchl der Eritreer*innen im Ausland singt. Musik helfe aber auch ganz unterschiedlichen Menschen, sich zu verstehen: Als er mit deutschen Musikern Schuberts Winterreise auf der Strasse vortrug, \u00absp\u00fcrte man sehr stark die verbindende Qualit\u00e4t von Musik. Es ist eine universelle Sprache.\u00bb DEU, TIG<\/div>\n<\/div>\n","protected":false},"excerpt":{"rendered":"<p>Abrar Osman ist eine Musiklegende der eritreischen Diaspora \u2013 obwohl er das nie von sich selbst behaupten w\u00fcrde. F\u00fcr ihn z\u00e4hlen andere Dinge als Ber\u00fchmtheit: Seine eigene Unabh\u00e4ngigkeit und die Freiheit, das zu sagen, was er denkt, der \u00abKampf mit Worten gegen ein Regime, das mit Waffen k\u00e4mpft.\u00bb Mit seinen Auftritten auf der ganzen Welt [&hellip;]<\/p>\n","protected":false},"author":11,"featured_media":0,"parent":601,"menu_order":0,"comment_status":"closed","ping_status":"closed","template":"","meta":{"footnotes":""},"class_list":["post-939","page","type-page","status-publish","hentry"],"jetpack_sharing_enabled":true,"_links":{"self":[{"href":"https:\/\/eritreischer-medienbund.ch\/wordpress\/wp-json\/wp\/v2\/pages\/939","targetHints":{"allow":["GET"]}}],"collection":[{"href":"https:\/\/eritreischer-medienbund.ch\/wordpress\/wp-json\/wp\/v2\/pages"}],"about":[{"href":"https:\/\/eritreischer-medienbund.ch\/wordpress\/wp-json\/wp\/v2\/types\/page"}],"author":[{"embeddable":true,"href":"https:\/\/eritreischer-medienbund.ch\/wordpress\/wp-json\/wp\/v2\/users\/11"}],"replies":[{"embeddable":true,"href":"https:\/\/eritreischer-medienbund.ch\/wordpress\/wp-json\/wp\/v2\/comments?post=939"}],"version-history":[{"count":2,"href":"https:\/\/eritreischer-medienbund.ch\/wordpress\/wp-json\/wp\/v2\/pages\/939\/revisions"}],"predecessor-version":[{"id":3401,"href":"https:\/\/eritreischer-medienbund.ch\/wordpress\/wp-json\/wp\/v2\/pages\/939\/revisions\/3401"}],"up":[{"embeddable":true,"href":"https:\/\/eritreischer-medienbund.ch\/wordpress\/wp-json\/wp\/v2\/pages\/601"}],"wp:attachment":[{"href":"https:\/\/eritreischer-medienbund.ch\/wordpress\/wp-json\/wp\/v2\/media?parent=939"}],"curies":[{"name":"wp","href":"https:\/\/api.w.org\/{rel}","templated":true}]}}