{"id":925,"date":"2016-11-29T22:37:34","date_gmt":"2016-11-29T22:37:34","guid":{"rendered":"http:\/\/eritreischer-medienbund.ch\/?page_id=925"},"modified":"2024-04-22T09:32:19","modified_gmt":"2024-04-22T09:32:19","slug":"yodit-estifanos","status":"publish","type":"page","link":"https:\/\/eritreischer-medienbund.ch\/wordpress\/blackbox-eritrea\/open-the-blackbox-meet-the-experts\/yodit-estifanos\/","title":{"rendered":"Yodit Estifanos"},"content":{"rendered":"<div class=\"row\">\n<div class=\"col-md-4\">\n<div id=\"attachment_589\" class=\"wp-caption alignleft\" style=\"width: 300px\"><img loading=\"lazy\" decoding=\"async\" class=\"size-medium wp-image-589\" src=\"https:\/\/eritreischer-medienbund.ch\/wordpress\/wp-content\/uploads\/2016\/10\/20161016-151616-blackbox-300x300.jpg\" alt=\"Yodit Estifanos (*1993) Gef\u00e4ngnis, Flucht und Fremde als Jugendliche.  \" width=\"300\" height=\"300\" srcset=\"https:\/\/eritreischer-medienbund.ch\/wordpress\/wp-content\/uploads\/2016\/10\/20161016-151616-blackbox-300x300.jpg 300w, https:\/\/eritreischer-medienbund.ch\/wordpress\/wp-content\/uploads\/2016\/10\/20161016-151616-blackbox-150x150.jpg 150w, https:\/\/eritreischer-medienbund.ch\/wordpress\/wp-content\/uploads\/2016\/10\/20161016-151616-blackbox-768x768.jpg 768w, https:\/\/eritreischer-medienbund.ch\/wordpress\/wp-content\/uploads\/2016\/10\/20161016-151616-blackbox-1024x1024.jpg 1024w, https:\/\/eritreischer-medienbund.ch\/wordpress\/wp-content\/uploads\/2016\/10\/20161016-151616-blackbox.jpg 1536w\" sizes=\"auto, (max-width: 300px) 100vw, 300px\" \/><p class=\"wp-caption-text\">Yodit Estifanos \u2013 Gef\u00e4ngnis, Flucht und Fremde als Jugendliche.<\/p><\/div>\n<\/div>\n<div class=\"col-md-8\">Teenagerjahre sind keine einfache Zeit. Aber f\u00fcr Yodit Estifanos waren sie ungleich schwerer als f\u00fcr viele andere. In diesem Alter wird Estifanos nach einem gescheiterten Fluchtversuch mit ihrer Familie in ein eritreisches Gef\u00e4ngnis gebracht, wo sie Monate verbringt. Nach einem weiteren Versuch erreicht sie die Schweiz. Der Neuanfang hier wird abermals zu einer Pr\u00fcfung: \u201eAls junges M\u00e4dchen ohne Ausbildung, aber auch ohne Aussicht auf Aufnahme ins regul\u00e4re Bildungssystem, sah ich erst keinen Ausweg.\u201c Was bedeutet Flucht, Gef\u00e4ngnis und Fremdheit f\u00fcr eine 16-j\u00e4hrige Frau? Am 16. Oktober 2019 teilt Yodit Estifanos, die mittlerweile bald ihre Lehre abschliesst und den Hebammenberuf anstrebt, ihre Erfahrung mit dir. DEU, TIG, (EN)<\/div>\n<\/div>\n","protected":false},"excerpt":{"rendered":"<p>Teenagerjahre sind keine einfache Zeit. Aber f\u00fcr Yodit Estifanos waren sie ungleich schwerer als f\u00fcr viele andere. In diesem Alter wird Estifanos nach einem gescheiterten Fluchtversuch mit ihrer Familie in ein eritreisches Gef\u00e4ngnis gebracht, wo sie Monate verbringt. Nach einem weiteren Versuch erreicht sie die Schweiz. Der Neuanfang hier wird abermals zu einer Pr\u00fcfung: \u201eAls [&hellip;]<\/p>\n","protected":false},"author":11,"featured_media":0,"parent":601,"menu_order":0,"comment_status":"closed","ping_status":"closed","template":"","meta":{"footnotes":""},"class_list":["post-925","page","type-page","status-publish","hentry"],"jetpack_sharing_enabled":true,"_links":{"self":[{"href":"https:\/\/eritreischer-medienbund.ch\/wordpress\/wp-json\/wp\/v2\/pages\/925","targetHints":{"allow":["GET"]}}],"collection":[{"href":"https:\/\/eritreischer-medienbund.ch\/wordpress\/wp-json\/wp\/v2\/pages"}],"about":[{"href":"https:\/\/eritreischer-medienbund.ch\/wordpress\/wp-json\/wp\/v2\/types\/page"}],"author":[{"embeddable":true,"href":"https:\/\/eritreischer-medienbund.ch\/wordpress\/wp-json\/wp\/v2\/users\/11"}],"replies":[{"embeddable":true,"href":"https:\/\/eritreischer-medienbund.ch\/wordpress\/wp-json\/wp\/v2\/comments?post=925"}],"version-history":[{"count":5,"href":"https:\/\/eritreischer-medienbund.ch\/wordpress\/wp-json\/wp\/v2\/pages\/925\/revisions"}],"predecessor-version":[{"id":3416,"href":"https:\/\/eritreischer-medienbund.ch\/wordpress\/wp-json\/wp\/v2\/pages\/925\/revisions\/3416"}],"up":[{"embeddable":true,"href":"https:\/\/eritreischer-medienbund.ch\/wordpress\/wp-json\/wp\/v2\/pages\/601"}],"wp:attachment":[{"href":"https:\/\/eritreischer-medienbund.ch\/wordpress\/wp-json\/wp\/v2\/media?parent=925"}],"curies":[{"name":"wp","href":"https:\/\/api.w.org\/{rel}","templated":true}]}}