{"id":2832,"date":"2020-03-24T01:34:46","date_gmt":"2020-03-24T01:34:46","guid":{"rendered":"http:\/\/eritreischer-medienbund.ch\/wordpress\/?page_id=2832"},"modified":"2025-11-03T10:40:29","modified_gmt":"2025-11-03T09:40:29","slug":"demokratie-leben","status":"publish","type":"page","link":"https:\/\/eritreischer-medienbund.ch\/wordpress\/demokratie-leben\/","title":{"rendered":"Projekt\u00a0\u00abDemokratie leben\u00bb"},"content":{"rendered":"\n<h4 class=\"wp-block-heading\"><strong>Ein Pilotprojekt zur Gewaltpr\u00e4vention und Integration durch Capacity-Building<\/strong><\/h4>\n\n\n\n<p><strong>Projektdauer<\/strong>: 2025<\/p>\n\n\n\n<p><strong>Gesellschaftlicher Zusammenhalt st\u00e4rken und zivilgesellschaftliches Engagement f\u00f6rdern durch Demokratieverst\u00e4ndnis, Tools zur Konfliktl\u00f6sung und Gewaltpr\u00e4vention, Train-the-Trainer und Peer-to-Peer Formate<\/strong><\/p>\n\n\n\n<p>Wir unterst\u00fctzen Tigrinya-Sprechende in ihrer Integration und Teilhabe an der Gesellschaft effektiv durch:<\/p>\n\n\n\n<ul class=\"wp-block-list\">\n<li>niederschwelligen Informationen und praktische Tools \u00fcber das Schweizer System, demokratische Werte, Konfliktl\u00f6sungsmethoden, friedvolle Diskussionskultur und Hilfsangebote<\/li>\n\n\n\n<li>konkreter Selbsterm\u00e4chtigung dank spielerischen \u00dcbungen, empowernden Methoden und Train-the-Trainer Ansatz<\/li>\n\n\n\n<li>Vernetzung untereinander, mit Fachexpert:innen, Schl\u00fcsselpersonen und Hilfsangeboten<\/li>\n\n\n\n<li>St\u00e4rkung von sozialen Netzwerken bspw. durch Vereinsgr\u00fcndung<\/li>\n<\/ul>\n\n\n\n<p>Daf\u00fcr arbeiten wir mit drei Partnern zusammen, die mit uns zusammen Demokratief\u00f6rderungsprojekte umsetzen: <\/p>\n\n\n\n<ul class=\"wp-block-list\">\n<li>Democracy Cake mit Dr. Daniel Mekonnen (siehe unten)<\/li>\n\n\n\n<li><a href=\"https:\/\/www4.demokrative.ch\/de-de\/projekte\/demogames\">Demogames<\/a> mit <a href=\"https:\/\/www4.demokrative.ch\/de-de\/\">Demokrative<\/a><\/li>\n\n\n\n<li>Debattieren mit <a href=\"https:\/\/schweizdebattiert.ch\/\">Schweiz debattiert<\/a><\/li>\n<\/ul>\n\n\n\n<p><strong>Mit Unterst\u00fctzung von: <\/strong><\/p>\n\n\n\n<figure class=\"wp-block-image size-full\"><img loading=\"lazy\" decoding=\"async\" width=\"938\" height=\"158\" src=\"https:\/\/eritreischer-medienbund.ch\/wordpress\/wp-content\/uploads\/2025\/11\/Bildschirmfoto-2025-11-03-um-10.36.43.png\" alt=\"\" class=\"wp-image-3755\" srcset=\"https:\/\/eritreischer-medienbund.ch\/wordpress\/wp-content\/uploads\/2025\/11\/Bildschirmfoto-2025-11-03-um-10.36.43.png 938w, https:\/\/eritreischer-medienbund.ch\/wordpress\/wp-content\/uploads\/2025\/11\/Bildschirmfoto-2025-11-03-um-10.36.43-300x51.png 300w, https:\/\/eritreischer-medienbund.ch\/wordpress\/wp-content\/uploads\/2025\/11\/Bildschirmfoto-2025-11-03-um-10.36.43-768x129.png 768w\" sizes=\"auto, (max-width: 938px) 100vw, 938px\" \/><\/figure>\n\n\n\n<figure class=\"wp-block-image size-full\"><img loading=\"lazy\" decoding=\"async\" width=\"594\" height=\"178\" src=\"https:\/\/eritreischer-medienbund.ch\/wordpress\/wp-content\/uploads\/2025\/11\/Bildschirmfoto-2025-11-03-um-10.36.48.png\" alt=\"\" class=\"wp-image-3756\" srcset=\"https:\/\/eritreischer-medienbund.ch\/wordpress\/wp-content\/uploads\/2025\/11\/Bildschirmfoto-2025-11-03-um-10.36.48.png 594w, https:\/\/eritreischer-medienbund.ch\/wordpress\/wp-content\/uploads\/2025\/11\/Bildschirmfoto-2025-11-03-um-10.36.48-300x90.png 300w\" sizes=\"auto, (max-width: 594px) 100vw, 594px\" \/><\/figure>\n\n\n\n<h2 class=\"wp-block-heading\"><strong>Democracy Cake<\/strong> <strong>mit Dr. Daniel Mekonnen<\/strong><\/h2>\n\n\n\n<figure class=\"wp-block-image is-resized\"><img loading=\"lazy\" decoding=\"async\" width=\"1024\" height=\"768\" src=\"https:\/\/eritreischer-medienbund.ch\/wordpress\/wp-content\/uploads\/2020\/03\/927d401c-d041-4ff1-9dcb-3fa08677d1b4.jfif_-1024x768.jpeg\" alt=\"\" class=\"wp-image-2833\" style=\"width:512px;height:384px\" srcset=\"https:\/\/eritreischer-medienbund.ch\/wordpress\/wp-content\/uploads\/2020\/03\/927d401c-d041-4ff1-9dcb-3fa08677d1b4.jfif_-1024x768.jpeg 1024w, https:\/\/eritreischer-medienbund.ch\/wordpress\/wp-content\/uploads\/2020\/03\/927d401c-d041-4ff1-9dcb-3fa08677d1b4.jfif_-300x225.jpeg 300w, https:\/\/eritreischer-medienbund.ch\/wordpress\/wp-content\/uploads\/2020\/03\/927d401c-d041-4ff1-9dcb-3fa08677d1b4.jfif_-768x576.jpeg 768w, https:\/\/eritreischer-medienbund.ch\/wordpress\/wp-content\/uploads\/2020\/03\/927d401c-d041-4ff1-9dcb-3fa08677d1b4.jfif_.jpeg 2048w\" sizes=\"auto, (max-width: 1024px) 100vw, 1024px\" \/><\/figure>\n\n\n\n<h3 class=\"wp-block-heading\"><strong>Was ist Democracy Cake?<\/strong><\/h3>\n\n\n\n<p>Democracy-Cake ist ein spielerisches Demokratie-Training, das von norwegischen Wissenschaftler*nnen der Rafto Foundation entwickelt wurde. Es hat zum Ziel, Demokratie und ihre Prozesse zu verstehen. Zielpublikum sind haupts\u00e4chlich Menschen ohne hohen Bildungsabschluss oder solche, die mit politischer Gewalt konfrontiert worden sind.&nbsp;<\/p>\n\n\n\n<h3 class=\"wp-block-heading\"><strong>Was machen wir?<\/strong><\/h3>\n\n\n\n<p>Der eritreische Menschenrechtsaktivist Dr. Daniel Mekonnen ist f\u00fcr die Anwendung dieser Methode ausgebildet. Eritreer*innen werden dazu erm\u00e4chtigt, demokratische Prozesse und demokratische Methoden zur Konfliktl\u00f6sung zu verstehen und anzuwenden, um aktive Mitglieder der \u00abSchweizer citoyennet\u00e9\u00bb sein zu k\u00f6nnen.<\/p>\n\n\n\n<h3 class=\"wp-block-heading\"><strong>Was sind die Ziele?<\/strong><\/h3>\n\n\n\n<p>Durch die Anwendung der genannten Lernmethodik will das Projekt vier miteinander verbundene Ziele erreichen:<\/p>\n\n\n\n<ol class=\"wp-block-list\">\n<li><strong>Kurzfristig<\/strong> baut es die Wissensbasis \u00fcber Demokratie und grundlegende Prinzipien der Konfliktl\u00f6sung unter neu ankommenden eritreischen Gefl\u00fcchteten in der Schweiz auf.<\/li>\n\n\n\n<li><strong>Mittelfristig<\/strong> tr\u00e4gt es dazu bei, die politischen Konflikte von Migrant:innengemeinschaften zu deeskalieren. <\/li>\n\n\n\n<li><strong>Langfristig<\/strong> sie hilft bei der Vorbereitung der eritreischen Diaspora Gemeinschaften auf eine eventuelle R\u00fcckkehr in ihre Heimatland, so dass sie bei g\u00fcnstigen Ver\u00e4nderungen in Eritrea eine f\u00fchrende Rolle bei der Wiederherstellung eines rechtsstaatlichen, politisch-gesetzlichen Systems in Eritrea spielen k\u00f6nnen.<\/li>\n<\/ol>\n\n\n\n<h3 class=\"wp-block-heading\"><strong>Wie l\u00e4uft das Spiel konkret ab?<\/strong><\/h3>\n\n\n\n<p>Die Teilnehmenden versetzen sich in folgende Geschichte: \u201eIrgendwo mitten in einem Ozean gab es Schiffbruch. Die Leute und ihr Schiff landen durch die starken Wellen auf einer unbewohnten Insel. Sie k\u00f6nnen nicht zur\u00fcck und sie haben keine Kontakt zur Aussenwelt. Die einzige M\u00f6glichkeit ist, ein neuer Staat zu gr\u00fcnden. Das beginnt mit der Namenssuche, Bildung der Flagge, und letztendlich einen demokratische System.\u201c<\/p>\n\n\n\n<p>Das Spiel beginnt bei der Bildung der System wobei den Leuten ersichtlich wird wie die Demokratie funktioniert.<\/p>\n\n\n\n<p>Jeder Gruppe bekommt Platten und Zutaten mit denen die Kuchen der Demokratie gebacken werden.<\/p>\n\n\n\n<p><strong>Kuchen 1<\/strong><\/p>\n\n\n\n<p>Hier bekommen die Partizipanten sechs Zutaten der Kuchen und m\u00fcssen diese nach ihrer Wichtigkeit ordnen und damit den ersten Kuchen backen. Dabei haben sie genug Zeit um es zu diskutieren und vorzubereiten. Danach stellen sie ihre Vorschl\u00e4ge den anderen Gruppen vor und begr\u00fcnden ihre Auswahl. <\/p>\n\n\n\n<figure class=\"wp-block-image\"><img loading=\"lazy\" decoding=\"async\" width=\"1024\" height=\"288\" src=\"https:\/\/eritreischer-medienbund.ch\/wordpress\/wp-content\/uploads\/2020\/05\/Screen-Shot-2020-05-12-at-03.09.36-1024x288.png\" alt=\"\" class=\"wp-image-2969\" srcset=\"https:\/\/eritreischer-medienbund.ch\/wordpress\/wp-content\/uploads\/2020\/05\/Screen-Shot-2020-05-12-at-03.09.36-1024x288.png 1024w, https:\/\/eritreischer-medienbund.ch\/wordpress\/wp-content\/uploads\/2020\/05\/Screen-Shot-2020-05-12-at-03.09.36-300x85.png 300w, https:\/\/eritreischer-medienbund.ch\/wordpress\/wp-content\/uploads\/2020\/05\/Screen-Shot-2020-05-12-at-03.09.36-768x216.png 768w, https:\/\/eritreischer-medienbund.ch\/wordpress\/wp-content\/uploads\/2020\/05\/Screen-Shot-2020-05-12-at-03.09.36.png 1342w\" sizes=\"auto, (max-width: 1024px) 100vw, 1024px\" \/><\/figure>\n\n\n\n<p><strong>Kuchen 2<\/strong><\/p>\n\n\n\n<p>Beim zweiten Kuchen bekommen die Teilnehmenden&nbsp; zu viele Zutaten und da m\u00fcssen sie miteinander diskutieren und letztendlich einen Kuchen mit nur sechs Zutaten backen. Am Ende pr\u00e4sentieren sie auch wieder ihren Kuchen und weshalb sie auf diese Resultate kamen.&nbsp;<\/p>\n\n\n\n<p>Beim letzten Teil bekommen sie schlechte Zutaten (rote Karten), die eine Demokratie zerst\u00f6ren k\u00f6nnten. Das k\u00f6nnen zum Beispiel Korruption, Extremismus, politische Repression, usw. sein. Dabei versuchen die Teilnehmenden die schlechte Zutaten mit Mitteln der Demokratie zu beheben und begr\u00fcnden ihre Resultate wieder. <\/p>\n\n\n<div class=\"wp-block-image\">\n<figure class=\"alignleft is-resized\"><img loading=\"lazy\" decoding=\"async\" width=\"1024\" height=\"768\" src=\"https:\/\/eritreischer-medienbund.ch\/wordpress\/wp-content\/uploads\/2020\/03\/demcake-1024x768.jpg\" alt=\"\" class=\"wp-image-2837\" style=\"width:386px;height:290px\" srcset=\"https:\/\/eritreischer-medienbund.ch\/wordpress\/wp-content\/uploads\/2020\/03\/demcake-1024x768.jpg 1024w, https:\/\/eritreischer-medienbund.ch\/wordpress\/wp-content\/uploads\/2020\/03\/demcake-300x225.jpg 300w, https:\/\/eritreischer-medienbund.ch\/wordpress\/wp-content\/uploads\/2020\/03\/demcake-768x576.jpg 768w\" sizes=\"auto, (max-width: 1024px) 100vw, 1024px\" \/><\/figure><\/div>\n\n\n<p><\/p>\n\n\n\n<p><\/p>\n\n\n\n<p><\/p>\n\n\n\n<p><\/p>\n\n\n\n<p><\/p>\n\n\n\n<p><\/p>\n","protected":false},"excerpt":{"rendered":"<p>Ein Pilotprojekt zur Gewaltpr\u00e4vention und Integration durch Capacity-Building Projektdauer: 2025 Gesellschaftlicher Zusammenhalt st\u00e4rken und zivilgesellschaftliches Engagement f\u00f6rdern durch Demokratieverst\u00e4ndnis, Tools zur Konfliktl\u00f6sung und Gewaltpr\u00e4vention, Train-the-Trainer und Peer-to-Peer Formate Wir unterst\u00fctzen Tigrinya-Sprechende in ihrer Integration und Teilhabe an der Gesellschaft effektiv durch: Daf\u00fcr arbeiten wir mit drei Partnern zusammen, die mit uns zusammen Demokratief\u00f6rderungsprojekte umsetzen: Mit [&hellip;]<\/p>\n","protected":false},"author":11,"featured_media":0,"parent":0,"menu_order":0,"comment_status":"closed","ping_status":"closed","template":"","meta":{"footnotes":""},"class_list":["post-2832","page","type-page","status-publish","hentry"],"jetpack_sharing_enabled":true,"_links":{"self":[{"href":"https:\/\/eritreischer-medienbund.ch\/wordpress\/wp-json\/wp\/v2\/pages\/2832","targetHints":{"allow":["GET"]}}],"collection":[{"href":"https:\/\/eritreischer-medienbund.ch\/wordpress\/wp-json\/wp\/v2\/pages"}],"about":[{"href":"https:\/\/eritreischer-medienbund.ch\/wordpress\/wp-json\/wp\/v2\/types\/page"}],"author":[{"embeddable":true,"href":"https:\/\/eritreischer-medienbund.ch\/wordpress\/wp-json\/wp\/v2\/users\/11"}],"replies":[{"embeddable":true,"href":"https:\/\/eritreischer-medienbund.ch\/wordpress\/wp-json\/wp\/v2\/comments?post=2832"}],"version-history":[{"count":10,"href":"https:\/\/eritreischer-medienbund.ch\/wordpress\/wp-json\/wp\/v2\/pages\/2832\/revisions"}],"predecessor-version":[{"id":3760,"href":"https:\/\/eritreischer-medienbund.ch\/wordpress\/wp-json\/wp\/v2\/pages\/2832\/revisions\/3760"}],"wp:attachment":[{"href":"https:\/\/eritreischer-medienbund.ch\/wordpress\/wp-json\/wp\/v2\/media?parent=2832"}],"curies":[{"name":"wp","href":"https:\/\/api.w.org\/{rel}","templated":true}]}}