{"id":2829,"date":"2020-03-24T01:04:36","date_gmt":"2020-03-24T01:04:36","guid":{"rendered":"http:\/\/eritreischer-medienbund.ch\/wordpress\/?page_id=2829"},"modified":"2021-02-01T09:36:01","modified_gmt":"2021-02-01T09:36:01","slug":"informationen-zu-corona-auf-tigrinya","status":"publish","type":"page","link":"https:\/\/eritreischer-medienbund.ch\/wordpress\/informationen-zu-corona-auf-tigrinya\/","title":{"rendered":"Gemeinsam gegen Corona auf Tigrinya"},"content":{"rendered":"\n<p><\/p>\n\n\n\n<p><strong>Wir vom Eritreischen Medienbund (EMBS) nehmen unsere Br\u00fcckenfunktion zwischen eritreischer Diaspora und Schweizer Beh\u00f6rden, Schulen, Organisationen und Medien wahr. Wir wollen unser Bestes geben, um gemeinsam mit allen anderen die Ansteckungsrate des Corona-Virus so schnell wie m\u00f6glich abzubremsen. <\/strong><\/p>\n\n\n\n<p>Deshalb haben wir einen <a href=\"https:\/\/eritreischer-medienbund.ch\/wordpress\/infokanal\/\">Infokanal<\/a> und die Kampagne <em>\u00abHabirna Antsar Corona\u00bb <\/em>ins Leben gerufen. <em>Habirna Antsar Corona<\/em> ist Tigrinya und heisst: \u00abGemeinsam gegen Corona\u00bb. Es ist ein Unterst\u00fctzungsprogramm des Eritreischen Medienbund Schweiz f\u00fcr tigrinya-sprechende Menschen in der Schweiz zur Zeiten von Corona.\u00a0<\/p>\n\n\n\n<p>Das Projekt mit Informationen rund um das (\u00dcber-)Leben w\u00e4hrend und nach der Pandemie hat eindr\u00fccklich gezeigt, wie n\u00f6tig das Angebot ist \u2013 auf Facebook erreichten wir w\u00e4hrend dem Lockdown im Schnitt pro Post 17\u2019000 Personen.&nbsp;<\/p>\n\n\n\n<h4 class=\"wp-block-heading\"><strong>Was machen wir konkret?<\/strong><\/h4>\n\n\n\n<ul class=\"wp-block-list\"><li>Der EMBS sammelt die wichtigsten Informationen und stellt die \u00dcbersetzungen schriftlich oder als Video auf Facebook online.<\/li><li>Der EMBS verbreitet die brauchbarsten Tipps zum Umgang mit Corona.<\/li><li>Der EMBS vermittelt in Zusammenarbeit mit Organisationen, Beh\u00f6rden und Vereinen Zugang zu Hilfsangeboten f\u00fcr Personen, die Hilfe ben\u00f6tigen. (Siehe <a href=\"https:\/\/eritreischer-medienbund.ch\/wordpress\/infokanal\/\">Infokanal<\/a>)<\/li><\/ul>\n\n\n\n<h4 class=\"wp-block-heading\">Habirna Antsar Corona w\u00e4hrend dem Lockdown<\/h4>\n\n\n\n<p>Als im M\u00e4rz 2020 innerst k\u00fcrzester Zeit von den Beh\u00f6rden wegen der Corona-Pandemie viele wichtige Informationen verbreitet und Massnahmen&nbsp; verordnet wurden, merkten wir, dass die Informationen ohne \u00dcbersetzungen und die richtigen Formate nicht schnell genug an die eritreische Bev\u00f6lkerung in der Schweiz gelangen.&nbsp;<\/p>\n\n\n\n<p>Deshalb entwickelten wir in k\u00fcrzester Zeit einen <a href=\"https:\/\/eritreischer-medienbund.ch\/wordpress\/infokanal\/\">Infokanal<\/a> und produzierten im M\u00e4rz \u00dcbersetzungen, Videos und Talkshows rundum Corona und dessen Auswirkungen auf andere Bereiche. Dabei behandelten wir mit unserer Kampagne wichtige Themen wie Homeschooling, Umgang mit Fake News, Informationen \u00fcber Arbeitsrechte, Pr\u00e4vention und Hilfe bei h\u00e4uslicher Gewalt, Zugang zu Nachbarschaftshilfe oder die brauchbarsten Tipps zu Gesundheitsthemen.\u00a0<\/p>\n\n\n\n<h4 class=\"wp-block-heading\">Grosse Reichweite<\/h4>\n\n\n\n<p>Wie notwendig es war, diese L\u00fccke zu f\u00fcllen, zeigt sich in den Zahlen: Unser Post zu den Lockdown-Massnahmen des Bundesrates vom Freitag 19.03.2020 wurde \u00fcber 600 Mal geteilt und erreichte \u00fcber 87\u2019000 Personen.&nbsp;W\u00e4hrend des Lockdowns posteten wir t\u00e4glich schriftliche Informationen und Videos. Durch unser Tigrinya-Angebot erlebte unsere Facebookseite einen enormen Andrang. Insgesamt erreichten wir \u00fcber 223\u2018000 Personen w\u00e4hrend der eineinhalb monatigen Projektlaufzeit.<br>Im April 2020 abonnierten \u00fcber 1\u2018400 Personen neu unsere Facebookseite.<\/p>\n\n\n\n<h4 class=\"wp-block-heading\">Projektphase II<\/h4>\n\n\n\n<p>Im Oktober 2020 startete die zweite Welle, erneut wurden schnell Massnahmen ergriffen. Tausende Eritreer*innen in der Schweiz erwarteten, dass wir unsere Arbeit weiterf\u00fchren &#8211; Aufbereitung von zeitnahen und niederschwelligen Informationen auf Tigrinya zu den neuen Beschl\u00fcssen und&nbsp; Regelungen des Bundesrates, aber auch von Informationen, die bereits vor der Pandemie wichtig waren und nun umso dringlicher sind.<\/p>\n\n\n\n<p><a href=\"https:\/\/eritreischer-medienbund.ch\/wordpress\/infokanal\/\">Hier gehts zur Projekt\u00fcbersicht&#8230;<\/a><\/p>\n\n\n\n<p>F\u00fcr unser Engagement haben wir den 2. Preis der Allianz Gesundheitskompetenz gewonnen: <a href=\"https:\/\/eritreischer-medienbund.ch\/wordpress\/2-preis-der-allianz-gesundheitskompetenz\/\">Hier unser Statement dazu\u2026<\/a><\/p>\n\n\n\n<hr class=\"wp-block-separator\"\/>\n\n\n\n<h3 class=\"wp-block-heading\"><strong>Referenzen<\/strong>: Tigrinya News zu Corona<\/h3>\n\n\n\n<h4 class=\"wp-block-heading\">Informationsvideo Pr\u00e4ventionsmassnahmen<\/h4>\n\n\n\n<p>Der EMBS f\u00fchrt die Redaktion \u00fcber die Inhalte der monatlichen Tigrinya News auf <a href=\"https:\/\/www.facebook.com\/Diaspora-TV-Switzerland-247193432357291\/?__tn__=kC-R&amp;eid=ARABAl0MPuszQ-z5XMCr7Ph-wqejLQLa4ozCUBDkD4C-TuJy2wLRCqZ1u-m6sHnKUg-f50wXrmj-kmY7&amp;hc_ref=ARScjbujRgj-YZNa9CzkWvEi0rWaXTobBxsDm3GAUBZ4XXjhoerEvl_-2-vmGKJUIOY&amp;fref=nf&amp;__xts__[0]=68.ARBjd0h_VG1uuGpFmDzDZ9P59884kRJERGCCR4gt1GAUlvYyKBliUCH-A7OQhjipAyTCVirIA101ZZ5uy2uq6GvAVtyE51tCrJDM-Qj5un27c_l6jgaKKJMmFof1o4nK3PruTgbx4MJBI276YINfrymrhmP65iQt1clfshvqjXXGbXWxBuVN8KXkYdBBHlmeDw7TlXdQwIMMkcUj-eevsexgDM1Ru4Gn2-OByZs_wh7fXbIkMyi8xQLVMQRl4f42PzJifUf9pAT_XqEGyz1RYEg6OHJw3wInU1GN1q6G9EZdAuz0HLfpCoM-7oxkdaz7T3Xk9nI-NH6bqxYOGUpqgOYbCbxGnOMZgPKMZQElUudXBUQKO4lAITla\">Diaspora TV<\/a> und macht allgemeine \u00dcbersetzungen. Das Pr\u00e4ventionsvideo wurde von vielen Kantonen, St\u00e4dten, Organisationen wie ParentuApp geteilt und auch das <a href=\"https:\/\/www.sem.admin.ch\/sem\/de\/home.html\">Staatsekretariat f\u00fcr Migration (SEM)<\/a> verweist auf die Videos:<\/p>\n\n\n\n<figure class=\"wp-block-embed-youtube wp-block-embed is-type-video is-provider-youtube wp-embed-aspect-16-9 wp-has-aspect-ratio\"><div class=\"wp-block-embed__wrapper\">\n<iframe loading=\"lazy\" title=\"N Nebsqa miqiliqalin, Qaliotin ! &quot;Corona Virus&quot;\" width=\"848\" height=\"477\" src=\"https:\/\/www.youtube.com\/embed\/-ep76it6j80?start=6&#038;feature=oembed\" frameborder=\"0\" allow=\"accelerometer; autoplay; clipboard-write; encrypted-media; gyroscope; picture-in-picture\" allowfullscreen><\/iframe>\n<\/div><\/figure>\n\n\n\n<h4 class=\"wp-block-heading\">Talkshows<\/h4>\n\n\n\n<p>Der EMBS organisiert im Studio von Diaspora TV Talkshows mit dem bekannten Moderator <a href=\"https:\/\/eritreischer-medienbund.ch\/wordpress\/blackbox-eritrea\/open-the-blackbox-meet-the-experts\/abdu-mehamod-andu\/\">Abdu Mohammed Andu<\/a> und eritreischen Expert*innen zu wichtigen Themen in Zeiten Coronas. <br><a href=\"https:\/\/eritreischer-medienbund.ch\/wordpress\/talkshows\/\">Hier gehts zur \u00dcbersicht der vergangenen Talkshows\u2026<\/a><\/p>\n\n\n\n<figure><iframe loading=\"lazy\" src=\"https:\/\/www.facebook.com\/plugins\/video.php?href=https%3A%2F%2Fwww.facebook.com%2Fmedienbund%2Fvideos%2F1468519343335873%2F&amp;show_text=0&amp;width=560\" allowfullscreen=\"true\" width=\"560\" height=\"315\"><\/iframe><\/figure>\n\n\n\n<h4 class=\"wp-block-heading\">Wichtigste Infos \u00fcber Corona auf Tigrinya<\/h4>\n\n\n\n<p>F\u00fcr Organisationen und Vereine macht der EMBS \u00dcbersetzungen, z. B. das Merkblatt f\u00fcr m\u00e4nner.ch, &#171;Coronakrise \u2013 Merkblatt f\u00fcr M\u00e4nner unter Druck&#187;. F\u00fcr das schweizweite Netzwerk www.hilf-jetzt.ch haben wir den Quartierbrief zum ausdrucken oder aufh\u00e4ngen \u00fcbersetzt.<\/p>\n\n\n\n<figure class=\"wp-block-image\"><img loading=\"lazy\" decoding=\"async\" width=\"1024\" height=\"424\" src=\"https:\/\/eritreischer-medienbund.ch\/wordpress\/wp-content\/uploads\/2020\/05\/Screen-Shot-2020-05-12-at-02.11.32-1024x424.png\" alt=\"\" class=\"wp-image-2964\" srcset=\"https:\/\/eritreischer-medienbund.ch\/wordpress\/wp-content\/uploads\/2020\/05\/Screen-Shot-2020-05-12-at-02.11.32-1024x424.png 1024w, https:\/\/eritreischer-medienbund.ch\/wordpress\/wp-content\/uploads\/2020\/05\/Screen-Shot-2020-05-12-at-02.11.32-300x124.png 300w, https:\/\/eritreischer-medienbund.ch\/wordpress\/wp-content\/uploads\/2020\/05\/Screen-Shot-2020-05-12-at-02.11.32-768x318.png 768w, https:\/\/eritreischer-medienbund.ch\/wordpress\/wp-content\/uploads\/2020\/05\/Screen-Shot-2020-05-12-at-02.11.32.png 1372w\" sizes=\"auto, (max-width: 1024px) 100vw, 1024px\" \/><figcaption>Survival-Kit von m\u00e4nner.ch und Quartierbrief von hilf-jetzt.ch<\/figcaption><\/figure>\n\n\n\n<div class=\"wp-block-file\"><a href=\"https:\/\/eritreischer-medienbund.ch\/wordpress\/wp-content\/uploads\/2020\/03\/Brief_Tygrinia.pdf\">Quartierbrief zum aufh\u00e4ngen (Tigrinya)<\/a><a href=\"https:\/\/eritreischer-medienbund.ch\/wordpress\/wp-content\/uploads\/2020\/03\/Brief_Tygrinia.pdf\" class=\"wp-block-file__button\" download>Herunterladen<\/a><\/div>\n\n\n\n<h4 class=\"wp-block-heading\">Informationen zu den Massnahmen des Bundesrates<\/h4>\n\n\n\n<p>T\u00e4glich posteten wir  w\u00e4hrend dem Lockdown die wichtigsten Informationen auf Tigrinya. Zum Beispiel die Massnahmen des Bundesrates vom Freitag 19.03.2020 wurden <strong> 600 geteilt und erreichten \u00fcber 82&#8217;000 Personen:<\/strong><\/p>\n\n\n\n<figure class=\"wp-block-image\"><img loading=\"lazy\" decoding=\"async\" width=\"287\" height=\"300\" src=\"https:\/\/eritreischer-medienbund.ch\/wordpress\/wp-content\/uploads\/2020\/11\/Screen-Shot-2020-11-16-at-20.05.41-287x300.png\" alt=\"\" class=\"wp-image-3036\" srcset=\"https:\/\/eritreischer-medienbund.ch\/wordpress\/wp-content\/uploads\/2020\/11\/Screen-Shot-2020-11-16-at-20.05.41-287x300.png 287w, https:\/\/eritreischer-medienbund.ch\/wordpress\/wp-content\/uploads\/2020\/11\/Screen-Shot-2020-11-16-at-20.05.41-768x802.png 768w, https:\/\/eritreischer-medienbund.ch\/wordpress\/wp-content\/uploads\/2020\/11\/Screen-Shot-2020-11-16-at-20.05.41-981x1024.png 981w, https:\/\/eritreischer-medienbund.ch\/wordpress\/wp-content\/uploads\/2020\/11\/Screen-Shot-2020-11-16-at-20.05.41.png 1100w\" sizes=\"auto, (max-width: 287px) 100vw, 287px\" \/><\/figure>\n\n\n\n<p><a href=\"https:\/\/www.facebook.com\/medienbund\/posts\/903492463421660\">https:\/\/www.facebook.com\/medienbund\/posts\/903492463421660<\/a><\/p>\n\n\n\n<p>Auf den Social Media Kan\u00e4len des EMBS bringen wir regelm\u00e4ssig wichtige News als Video:<\/p>\n\n\n\n<figure class=\"wp-block-embed-youtube wp-block-embed is-type-video is-provider-youtube wp-embed-aspect-16-9 wp-has-aspect-ratio\"><div class=\"wp-block-embed__wrapper\">\n<iframe loading=\"lazy\" title=\"\u1213\u1260\u1228\u1273 \u1265\u12db\u12d5\u1263 \u12ae\u122e\u1290 \u126a\u1229\u1235 ( Informationen \u00dcber Coronavirus ) 2020\" width=\"848\" height=\"477\" src=\"https:\/\/www.youtube.com\/embed\/4AJsLF4JuUU?feature=oembed\" frameborder=\"0\" allow=\"accelerometer; autoplay; clipboard-write; encrypted-media; gyroscope; picture-in-picture\" allowfullscreen><\/iframe>\n<\/div><figcaption>Allgemeine Informationen zum Coronavirus &amp; Massnahmen des Bundesrates vom Freitag 13.03.2020<\/figcaption><\/figure>\n\n\n\n<h2 class=\"wp-block-heading\">Finanzielle Unterst\u00fctzung<\/h2>\n\n\n\n<figure class=\"wp-block-image\"><img loading=\"lazy\" decoding=\"async\" width=\"1024\" height=\"473\" src=\"https:\/\/eritreischer-medienbund.ch\/wordpress\/wp-content\/uploads\/2020\/05\/Screen-Shot-2020-05-12-at-01.23.25-1024x473.png\" alt=\"\" class=\"wp-image-2960\" srcset=\"https:\/\/eritreischer-medienbund.ch\/wordpress\/wp-content\/uploads\/2020\/05\/Screen-Shot-2020-05-12-at-01.23.25-1024x473.png 1024w, https:\/\/eritreischer-medienbund.ch\/wordpress\/wp-content\/uploads\/2020\/05\/Screen-Shot-2020-05-12-at-01.23.25-300x138.png 300w, https:\/\/eritreischer-medienbund.ch\/wordpress\/wp-content\/uploads\/2020\/05\/Screen-Shot-2020-05-12-at-01.23.25-768x355.png 768w, https:\/\/eritreischer-medienbund.ch\/wordpress\/wp-content\/uploads\/2020\/05\/Screen-Shot-2020-05-12-at-01.23.25.png 1460w\" sizes=\"auto, (max-width: 1024px) 100vw, 1024px\" \/><\/figure>\n","protected":false},"excerpt":{"rendered":"<p>Wir vom Eritreischen Medienbund (EMBS) nehmen unsere Br\u00fcckenfunktion zwischen eritreischer Diaspora und Schweizer Beh\u00f6rden, Schulen, Organisationen und Medien wahr. Wir wollen unser Bestes geben, um gemeinsam mit allen anderen die Ansteckungsrate des Corona-Virus so schnell wie m\u00f6glich abzubremsen. Deshalb haben wir einen Infokanal und die Kampagne \u00abHabirna Antsar Corona\u00bb ins Leben gerufen. Habirna Antsar Corona [&hellip;]<\/p>\n","protected":false},"author":11,"featured_media":2802,"parent":0,"menu_order":0,"comment_status":"closed","ping_status":"closed","template":"","meta":{"footnotes":""},"class_list":["post-2829","page","type-page","status-publish","has-post-thumbnail","hentry"],"jetpack_sharing_enabled":true,"_links":{"self":[{"href":"https:\/\/eritreischer-medienbund.ch\/wordpress\/wp-json\/wp\/v2\/pages\/2829","targetHints":{"allow":["GET"]}}],"collection":[{"href":"https:\/\/eritreischer-medienbund.ch\/wordpress\/wp-json\/wp\/v2\/pages"}],"about":[{"href":"https:\/\/eritreischer-medienbund.ch\/wordpress\/wp-json\/wp\/v2\/types\/page"}],"author":[{"embeddable":true,"href":"https:\/\/eritreischer-medienbund.ch\/wordpress\/wp-json\/wp\/v2\/users\/11"}],"replies":[{"embeddable":true,"href":"https:\/\/eritreischer-medienbund.ch\/wordpress\/wp-json\/wp\/v2\/comments?post=2829"}],"version-history":[{"count":25,"href":"https:\/\/eritreischer-medienbund.ch\/wordpress\/wp-json\/wp\/v2\/pages\/2829\/revisions"}],"predecessor-version":[{"id":3095,"href":"https:\/\/eritreischer-medienbund.ch\/wordpress\/wp-json\/wp\/v2\/pages\/2829\/revisions\/3095"}],"wp:featuredmedia":[{"embeddable":true,"href":"https:\/\/eritreischer-medienbund.ch\/wordpress\/wp-json\/wp\/v2\/media\/2802"}],"wp:attachment":[{"href":"https:\/\/eritreischer-medienbund.ch\/wordpress\/wp-json\/wp\/v2\/media?parent=2829"}],"curies":[{"name":"wp","href":"https:\/\/api.w.org\/{rel}","templated":true}]}}