{"id":2491,"date":"2019-07-03T10:39:04","date_gmt":"2019-07-03T10:39:04","guid":{"rendered":"http:\/\/eritreischer-medienbund.ch\/wordpress\/?page_id=2491"},"modified":"2020-01-30T16:04:44","modified_gmt":"2020-01-30T16:04:44","slug":"veranstaltungen-zum-thema-negativentscheide","status":"publish","type":"page","link":"https:\/\/eritreischer-medienbund.ch\/wordpress\/veranstaltungen-zum-thema-negativentscheide\/","title":{"rendered":"Asylentscheid Negativ! Perspektive Eritrea?"},"content":{"rendered":"\n<figure class=\"wp-block-image\"><img loading=\"lazy\" decoding=\"async\" width=\"1024\" height=\"389\" src=\"https:\/\/eritreischer-medienbund.ch\/wordpress\/wp-content\/uploads\/2020\/01\/Facebook-Banner-1-1024x389.jpg\" alt=\"\" class=\"wp-image-2727\" srcset=\"https:\/\/eritreischer-medienbund.ch\/wordpress\/wp-content\/uploads\/2020\/01\/Facebook-Banner-1-1024x389.jpg 1024w, https:\/\/eritreischer-medienbund.ch\/wordpress\/wp-content\/uploads\/2020\/01\/Facebook-Banner-1-300x114.jpg 300w, https:\/\/eritreischer-medienbund.ch\/wordpress\/wp-content\/uploads\/2020\/01\/Facebook-Banner-1-768x292.jpg 768w, https:\/\/eritreischer-medienbund.ch\/wordpress\/wp-content\/uploads\/2020\/01\/Facebook-Banner-1.jpg 1725w\" sizes=\"auto, (max-width: 1024px) 100vw, 1024px\" \/><\/figure>\n\n\n\n<h4 class=\"wp-block-heading\">Veranstaltungsreihe<\/h4>\n\n\n<p>Seit der Praxisversch\u00e4rfung des Jahres 2016 erhalten Eritreer*innen vermehrt Negativentscheide. Sie kriegen keine Aufenthaltsbewilligung oder verlieren diese und werden aufgefordert, nach Eritrea zur\u00fcckzukehren. Da man bei einer R\u00fcckkehr in die Milit\u00e4rdiktatur Eritreas mit Repression und Gef\u00e4ngnis rechnen muss, ist diese keine\u00a0Option. Als Sans-Papiers entrechtet und ihrer menschlichen W\u00fcrde beraubt, leben abgewiesene Eritreer*innen als Nothilfe Empf\u00e4nger*innen ohne Perspektive in Notunterk\u00fcnften oder tauchen unter. Sie d\u00fcrfen offiziell keiner Arbeit nachgehen und riskieren jederzeit Bussen f\u00fcr illegalen Aufenthalt. Viele von ihnen leben schon seit mehreren Jahren in der Schweiz, waren vor der Abweisung in den Arbeitsalltag integriert oder absolvierten z.B. eine Lehre. Eine Abschiebung in die unmenschliche Nothilfe schadet deshalb nicht nur Eritreer*innen, sondern auch der schweizerischen Bev\u00f6lkerung.<\/p>\n<p>Auf diese paradoxe und inhumane Praxis muss aufmerksam gemacht werden. Deshalb haben wir folgendes Veranstaltungsformat entworfen und getestet:<\/p>\n<p>Bis zu 20 Fachpersonen und Expert*innen des Alltags aus Eritrea und der Schweiz berichten aus erster Hand am vielf\u00e4ltigen und pers\u00f6nlichen \u00abmeet the experts\u00bb und in Kurzvortr\u00e4gen.<br \/>W\u00e4hle dreimal eine*n Expert*in aus. Buche ihn\/sie f\u00fcr einen pers\u00f6nlichen Dialog oder setze dich als Beobachter*in dazu.<\/p>\n<p>Sie geben Auskunft zu\u2026<\/p>\n<p>\u2026den Themen in der Schweiz: <br \/>Versch\u00e4rfte Asylpraxis; Perspektive mit Negativ-Entscheid: Leben in der Notunterkunft, Untertauchen, Forderungen von Betroffenen; erzwungener Lehrabbruch: Perspektive Wirtschaft, Bildung &amp; soziales Umfeld.<\/p>\n<p>\u2026und den Themen in Eritrea: <br \/>Bildungs-, Rechts- und Gesundheitssystem, Gef\u00e4ngnis, Frieden mit \u00c4thiopien, R\u00fcckkehr.<\/p>\n<p>Informieren, diskutieren, vernetzen und L\u00f6sungsans\u00e4tze andenken!<\/p>\n<p>\u00a0<\/p>\n\n\n<h4 class=\"wp-block-heading\">Veranstaltung am 28.10.2019 im <em>Karl der Grosse<\/em><\/h4>\n\n\n\n<figure class=\"wp-block-image\"><img loading=\"lazy\" decoding=\"async\" width=\"1024\" height=\"683\" src=\"https:\/\/eritreischer-medienbund.ch\/wordpress\/wp-content\/uploads\/2019\/12\/P7A6475-1024x683.jpg\" alt=\"\" class=\"wp-image-2675\" srcset=\"https:\/\/eritreischer-medienbund.ch\/wordpress\/wp-content\/uploads\/2019\/12\/P7A6475-1024x683.jpg 1024w, https:\/\/eritreischer-medienbund.ch\/wordpress\/wp-content\/uploads\/2019\/12\/P7A6475-300x200.jpg 300w, https:\/\/eritreischer-medienbund.ch\/wordpress\/wp-content\/uploads\/2019\/12\/P7A6475-768x512.jpg 768w, https:\/\/eritreischer-medienbund.ch\/wordpress\/wp-content\/uploads\/2019\/12\/P7A6475.jpg 2048w\" sizes=\"auto, (max-width: 1024px) 100vw, 1024px\" \/><\/figure>\n\n\n\n<p>Am 28. Oktober 2019 haben wir dieses Format im <em>Karl der Grosse<\/em> in Z\u00fcrich getestet. <a href=\"https:\/\/eritreischer-medienbund.ch\/wordpress\/veranstaltung-28-oktober-2019-asylentscheid-negativ-perspektive-eritrea\/\">Hier<\/a> findest du einen ausf\u00fchrlichen Bericht dar\u00fcber. <\/p>\n\n\n\n<p><a href=\"https:\/\/eritreischer-medienbund.ch\/wordpress\/asylentscheid-negativ-perspektive-eritrea\/\">Hier<\/a> findet man Informationen zur Veranstaltung auf Tigrinya. <\/p>\n","protected":false},"excerpt":{"rendered":"<p>Veranstaltungsreihe Seit der Praxisversch\u00e4rfung des Jahres 2016 erhalten Eritreer*innen vermehrt Negativentscheide. Sie kriegen keine Aufenthaltsbewilligung oder verlieren diese und werden aufgefordert, nach Eritrea zur\u00fcckzukehren. Da man bei einer R\u00fcckkehr in die Milit\u00e4rdiktatur Eritreas mit Repression und Gef\u00e4ngnis rechnen muss, ist diese keine\u00a0Option. Als Sans-Papiers entrechtet und ihrer menschlichen W\u00fcrde beraubt, leben abgewiesene Eritreer*innen als Nothilfe [&hellip;]<\/p>\n","protected":false},"author":8,"featured_media":0,"parent":0,"menu_order":0,"comment_status":"closed","ping_status":"closed","template":"","meta":{"footnotes":""},"class_list":["post-2491","page","type-page","status-publish","hentry"],"jetpack_sharing_enabled":true,"_links":{"self":[{"href":"https:\/\/eritreischer-medienbund.ch\/wordpress\/wp-json\/wp\/v2\/pages\/2491","targetHints":{"allow":["GET"]}}],"collection":[{"href":"https:\/\/eritreischer-medienbund.ch\/wordpress\/wp-json\/wp\/v2\/pages"}],"about":[{"href":"https:\/\/eritreischer-medienbund.ch\/wordpress\/wp-json\/wp\/v2\/types\/page"}],"author":[{"embeddable":true,"href":"https:\/\/eritreischer-medienbund.ch\/wordpress\/wp-json\/wp\/v2\/users\/8"}],"replies":[{"embeddable":true,"href":"https:\/\/eritreischer-medienbund.ch\/wordpress\/wp-json\/wp\/v2\/comments?post=2491"}],"version-history":[{"count":2,"href":"https:\/\/eritreischer-medienbund.ch\/wordpress\/wp-json\/wp\/v2\/pages\/2491\/revisions"}],"predecessor-version":[{"id":2729,"href":"https:\/\/eritreischer-medienbund.ch\/wordpress\/wp-json\/wp\/v2\/pages\/2491\/revisions\/2729"}],"wp:attachment":[{"href":"https:\/\/eritreischer-medienbund.ch\/wordpress\/wp-json\/wp\/v2\/media?parent=2491"}],"curies":[{"name":"wp","href":"https:\/\/api.w.org\/{rel}","templated":true}]}}